{"id":902,"date":"2021-12-13T16:51:36","date_gmt":"2021-12-13T15:51:36","guid":{"rendered":"https:\/\/www.lesconferencesdubienvieillir.fr\/?page_id=902"},"modified":"2021-12-13T16:53:45","modified_gmt":"2021-12-13T15:53:45","slug":"fragilite-et-emerveillement-25-11-2021","status":"publish","type":"page","link":"https:\/\/www.lesconferencesdubienvieillir.fr\/?page_id=902","title":{"rendered":"&#8220;Fragilit\u00e9 et \u00e9merveillement&#8221; &#8211; 25\/11\/2021"},"content":{"rendered":"<h4 style=\"text-align: left;\">par Bertrand Vergely, philosophe, et Murielle Mouloudj, directrice d&#8217;EHPAD<br \/>\n<i><\/i><\/h4>\n<h2 style=\"text-align: center;\">La conf\u00e9rence en vid\u00e9o :<\/h2>\n<p><iframe loading=\"lazy\" title=\"Fragilit\u00e9 et \u00e9merveillement - Bertrand Vergely\" width=\"500\" height=\"281\" src=\"https:\/\/www.youtube.com\/embed\/x8OVhpFNJK8?feature=oembed\" frameborder=\"0\" allow=\"accelerometer; autoplay; clipboard-write; encrypted-media; gyroscope; picture-in-picture; web-share\" referrerpolicy=\"strict-origin-when-cross-origin\" allowfullscreen><\/iframe><\/p>\n<h2><span style=\"text-decoration: underline;\">En compl\u00e9ment de la vid\u00e9o<\/span> :<\/h2>\n<h4><\/h4>\n<h4 style=\"text-align: center;\"><strong>R\u00e9sum\u00e9 de la conf\u00e9rence :<\/strong><\/h4>\n<div>\n<p>Quand nous abordons la question de la vieillesse, nous le faisons tr\u00e8s souvent sous l\u2019angle de la souffrance, de la difficult\u00e9 et des probl\u00e8mes qu\u2019elle induit. De ce fait, nous en attendons des solutions miracles\u2026 qui ne viennent pas ! Et si nous prenions le temps de nous arr\u00eater pour questionner cette \u00e9tape de la vie, de nous laisser aller \u00e0 la surprise et \u00e0 l\u2019\u00e9tonnement de ce qu\u2019il y a malgr\u00e9 tout de beau et de bon \u00e0 prendre ?<\/p>\n<p>La vie continue malgr\u00e9 l\u2019\u00e2ge. Prenons le temps de recr\u00e9er du lien, de savourer la joie de la rencontre en (re)d\u00e9couvrant le temps pr\u00e9sent. S\u2019\u00e9merveiller, ce n\u2019est pas \u00eatre b\u00e9at, c\u2019est \u00eatre capable d\u2019une ouverture d\u2019esprit qui nous incite \u00e0 regarder les choses autrement, \u00e0 nous laisser surprendre par l\u2019inattendu. La vieillesse nous offre un espace pour ralentir. Ce n\u2019est plus le temps de la croissance, mais nous avons encore beaucoup de choses \u00e0 vivre, \u00e0 d\u00e9couvrir, \u00e0 offrir. Nous pouvons habiter ce temps de mani\u00e8re \u00e9tonnante pour le vivre avec une richesse que nous n\u2019aurions pas soup\u00e7onn\u00e9e. Le temps d\u2019une conf\u00e9rence, laissons-nous \u00e9merveiller par nos fragilit\u00e9s pour rendre l\u2019ordinaire\u2026 extraordinaire !<\/p>\n<p>Avec les interventions de :<\/p>\n<ul>\n<li>Bertrand Vergely, philosophe, professeur \u00e0 l\u2019Institut d\u2019Etudes politiques de Paris, auteur de \u00ab La vuln\u00e9rabilit\u00e9 ou la force oubli\u00e9e \u00bb (Le Passeur) et \u00ab Retour \u00e0 l\u2019\u00e9merveillement \u00bb (Albin Michel)<\/li>\n<li>Murielle Mouloudj, directrice d\u2019EHPAD<\/li>\n<\/ul>\n<\/div>\n<p><code class=\"plain\"><div class=\"divider\"><\/div><\/code><\/p>\n","protected":false},"excerpt":{"rendered":"<p>par Bertrand Vergely, philosophe, et Murielle Mouloudj, directrice d&#8217;EHPAD La conf\u00e9rence en vid\u00e9o : En compl\u00e9ment de la vid\u00e9o : R\u00e9sum\u00e9 de la conf\u00e9rence : Quand nous abordons la question de la vieillesse, nous le faisons tr\u00e8s souvent sous l\u2019angle de la souffrance, de la difficult\u00e9 et [&hellip;]<\/p>\n","protected":false},"author":1,"featured_media":0,"parent":0,"menu_order":0,"comment_status":"closed","ping_status":"closed","template":"","meta":{"footnotes":""},"class_list":["post-902","page","type-page","status-publish","hentry"],"_links":{"self":[{"href":"https:\/\/www.lesconferencesdubienvieillir.fr\/index.php?rest_route=\/wp\/v2\/pages\/902","targetHints":{"allow":["GET"]}}],"collection":[{"href":"https:\/\/www.lesconferencesdubienvieillir.fr\/index.php?rest_route=\/wp\/v2\/pages"}],"about":[{"href":"https:\/\/www.lesconferencesdubienvieillir.fr\/index.php?rest_route=\/wp\/v2\/types\/page"}],"author":[{"embeddable":true,"href":"https:\/\/www.lesconferencesdubienvieillir.fr\/index.php?rest_route=\/wp\/v2\/users\/1"}],"replies":[{"embeddable":true,"href":"https:\/\/www.lesconferencesdubienvieillir.fr\/index.php?rest_route=%2Fwp%2Fv2%2Fcomments&post=902"}],"version-history":[{"count":5,"href":"https:\/\/www.lesconferencesdubienvieillir.fr\/index.php?rest_route=\/wp\/v2\/pages\/902\/revisions"}],"predecessor-version":[{"id":974,"href":"https:\/\/www.lesconferencesdubienvieillir.fr\/index.php?rest_route=\/wp\/v2\/pages\/902\/revisions\/974"}],"wp:attachment":[{"href":"https:\/\/www.lesconferencesdubienvieillir.fr\/index.php?rest_route=%2Fwp%2Fv2%2Fmedia&parent=902"}],"curies":[{"name":"wp","href":"https:\/\/api.w.org\/{rel}","templated":true}]}}

&#8220;Fragilité et émerveillement&#8221; &#8211; 25/11/2021

<h4 style="text-align: left;">par Bertrand Vergely, philosophe, et Murielle Mouloudj, directrice d&#8217;EHPAD<br />
<i></i></h4>
<h2 style="text-align: center;">La conférence en vidéo :</h2>
<p><iframe loading="lazy" title="Fragilité et émerveillement - Bertrand Vergely" width="500" height="281" src="https://www.youtube.com/embed/x8OVhpFNJK8?feature=oembed" frameborder="0" allow="accelerometer; autoplay; clipboard-write; encrypted-media; gyroscope; picture-in-picture; web-share" referrerpolicy="strict-origin-when-cross-origin" allowfullscreen></iframe></p>
<h2><span style="text-decoration: underline;">En complément de la vidéo</span> :</h2>
<h4></h4>
<h4 style="text-align: center;"><strong>Résumé de la conférence :</strong></h4>
<div>
<p>Quand nous abordons la question de la vieillesse, nous le faisons très souvent sous l’angle de la souffrance, de la difficulté et des problèmes qu’elle induit. De ce fait, nous en attendons des solutions miracles… qui ne viennent pas ! Et si nous prenions le temps de nous arrêter pour questionner cette étape de la vie, de nous laisser aller à la surprise et à l’étonnement de ce qu’il y a malgré tout de beau et de bon à prendre ?</p>
<p>La vie continue malgré l’âge. Prenons le temps de recréer du lien, de savourer la joie de la rencontre en (re)découvrant le temps présent. S’émerveiller, ce n’est pas être béat, c’est être capable d’une ouverture d’esprit qui nous incite à regarder les choses autrement, à nous laisser surprendre par l’inattendu. La vieillesse nous offre un espace pour ralentir. Ce n’est plus le temps de la croissance, mais nous avons encore beaucoup de choses à vivre, à découvrir, à offrir. Nous pouvons habiter ce temps de manière étonnante pour le vivre avec une richesse que nous n’aurions pas soupçonnée. Le temps d’une conférence, laissons-nous émerveiller par nos fragilités pour rendre l’ordinaire… extraordinaire !</p>
<p>Avec les interventions de :</p>
<ul>
<li>Bertrand Vergely, philosophe, professeur à l’Institut d’Etudes politiques de Paris, auteur de « La vulnérabilité ou la force oubliée » (Le Passeur) et « Retour à l’émerveillement » (Albin Michel)</li>
<li>Murielle Mouloudj, directrice d’EHPAD</li>
</ul>
</div>
<p><code class="plain"><div class="divider"></div></code></p>

<p>par Bertrand Vergely, philosophe, et Murielle Mouloudj, directrice d&#8217;EHPAD La conférence en vidéo : En complément de la vidéo : Résumé de la conférence : Quand nous abordons la question de la vieillesse, nous le faisons très souvent sous l’angle de la souffrance, de la difficulté et [&hellip;]</p>
