{"id":847,"date":"2020-03-07T09:28:17","date_gmt":"2020-03-07T08:28:17","guid":{"rendered":"http:\/\/www.lesconferencesdubienvieillir.fr\/?page_id=847"},"modified":"2020-03-09T10:41:24","modified_gmt":"2020-03-09T09:41:24","slug":"voir-autrement-5-03-2020","status":"publish","type":"page","link":"https:\/\/www.lesconferencesdubienvieillir.fr\/?page_id=847","title":{"rendered":"\u00ab Voir autrement \u00bb \u2013 5\/03\/2020"},"content":{"rendered":"<h4 style=\"text-align: left;\">par H\u00e9l\u00e8ne Jousse, Vincent Michel et l&#8217;association <em>Voir ensemble<\/em><br \/>\n<i><\/i><\/h4>\n<h2 style=\"text-align: center;\">La conf\u00e9rence en vid\u00e9o :<\/h2>\n<p><iframe loading=\"lazy\" title=\"Voir autrement (conf\u00e9rence en partie dans le noir) - 5 mars 2020\" width=\"500\" height=\"281\" src=\"https:\/\/www.youtube.com\/embed\/9RH4Iop9tdY?feature=oembed\" frameborder=\"0\" allow=\"accelerometer; autoplay; clipboard-write; encrypted-media; gyroscope; picture-in-picture; web-share\" referrerpolicy=\"strict-origin-when-cross-origin\" allowfullscreen><\/iframe><\/p>\n<h2><span style=\"text-decoration: underline;\">En compl\u00e9ment de la vid\u00e9o<\/span> :<\/h2>\n<h4 class=\"slide_toggle\"><a href=\"#\">Cliquez pour d\u00e9rouler<\/a><\/h4><div class=\"slide_toggle_content\" style=\"display: none;\">\n<h4 style=\"text-align: center;\"><strong>R\u00e9sum\u00e9 de la conf\u00e9rence :<\/strong><br \/>\n<em>Voir autrement<\/em><\/h4>\n<div>\n<p>Qui n\u2019est pas effray\u00e9 \u00e0 l\u2019id\u00e9e qu\u2019un jour le noir se fasse devant ses yeux\u00a0?\u00a0Cette peur du noir, qui nous taraude depuis l\u2019enfance est la peur du vide, du \u00ab\u00a0plus rien\u00a0\u00bb, de ne plus exister.\u00a0Cette soir\u00e9e sera l\u2019occasion de d\u00e9couvrir, gr\u00e2ce \u00e0 des t\u00e9moignages autour du handicap visuel, qu\u2019il n\u2019en est rien, bien au contraire.\u00a0L\u2019occasion de d\u00e9couvrir comment l\u2019aveugle voit &#8211; autrement qu\u2019avec les yeux &#8211; le monde et les \u00eatres qui l\u2019entourent et parfois mieux que nous.<\/p>\n<p>Cette soir\u00e9e prendra la forme d\u2019un \u00e9change \u00e0 trois voix : H\u00e9l\u00e8ne Jousse, sculptrice lavalloise et auteur du roman <em>Les mains de Louis Braille<\/em> (Editions JC Latt\u00e8s), Vincent Michel, aveugle de naissance, pr\u00e9sident de la f\u00e9d\u00e9ration des aveugles de France et auteur de <em>Croire sans voir<\/em> (Editions du Cerf), ainsi que l\u2019association <em>Voir Ensemble<\/em>, qui sera repr\u00e9sent\u00e9e par des b\u00e9n\u00e9voles et professionnels agissant en Mayenne au service des aveugles et malvoyants.<\/p>\n<p>Afin de permettre aux participants d\u2019exp\u00e9rimenter le fait d\u2019\u00ab \u00e9couter autrement \u00bb, une partie des \u00e9changes se fera dans le noir.<\/p>\n<\/div>\n<div style=\"text-align: left;\"><code class=\"plain\"><div class=\"divider\"><\/div><\/code><\/div>\n<div style=\"text-align: center;\"><\/div>\n<h4 style=\"text-align: center;\"><strong>H\u00e9l\u00e8ne JOUSSE<\/strong><br \/>\n<em>Ecrivain et sculptrice<\/em><\/h4>\n<p><img loading=\"lazy\" decoding=\"async\" class=\"aligncenter size-large wp-image-849\" src=\"https:\/\/www.lesconferencesdubienvieillir.fr\/wp-content\/uploads\/2020\/03\/H\u00e9l\u00e8ne-Jousse-1024x575.jpg\" alt=\"\" width=\"1024\" height=\"575\" srcset=\"https:\/\/www.lesconferencesdubienvieillir.fr\/wp-content\/uploads\/2020\/03\/H\u00e9l\u00e8ne-Jousse-1024x575.jpg 1024w, https:\/\/www.lesconferencesdubienvieillir.fr\/wp-content\/uploads\/2020\/03\/H\u00e9l\u00e8ne-Jousse-300x169.jpg 300w, https:\/\/www.lesconferencesdubienvieillir.fr\/wp-content\/uploads\/2020\/03\/H\u00e9l\u00e8ne-Jousse-768x432.jpg 768w, https:\/\/www.lesconferencesdubienvieillir.fr\/wp-content\/uploads\/2020\/03\/H\u00e9l\u00e8ne-Jousse.jpg 1260w\" sizes=\"auto, (max-width: 1024px) 100vw, 1024px\" \/>Sculptrice et \u00e9crivaine d\u2019origine lavalloise, H\u00e9l\u00e8ne Jousse sculpte des visages sans yeux, certaine que le regard est ailleurs aussi.\u00a0 Elle a fait travailler un jeune homme syrien qui, devenu aveugle suite \u00e0 un bombardement dans son pays en guerre, souhaitait sculpter. Cette exp\u00e9rience fut un choc. Elle a publi\u00e9 des nouvelles et derni\u00e8rement un roman dont Louis Braille est le h\u00e9ros. Sensibilis\u00e9e depuis de nombreuses ann\u00e9es par la condition de ceux qui ne peuvent voir, terroris\u00e9e \u00e0 l\u2019id\u00e9e qu\u2019un jour cela pourrait lui arriver, elle a d\u00e9cid\u00e9 d\u2019en savoir davantage sur ceux, qui, priv\u00e9s de regarder, ne le sont pas de \u00ab\u00a0voir autrement\u00a0\u00bb.<\/p>\n<h4 style=\"text-align: center;\"><strong>Vincent MICHEL<\/strong><br \/>\n<em><strong>Pr\u00e9sident de la F\u00e9d\u00e9ration des aveugles de France<\/strong><\/em><\/h4>\n<p><img loading=\"lazy\" decoding=\"async\" class=\"aligncenter size-full wp-image-850\" src=\"https:\/\/www.lesconferencesdubienvieillir.fr\/wp-content\/uploads\/2020\/03\/vincent-michel.png\" alt=\"\" width=\"900\" height=\"900\" srcset=\"https:\/\/www.lesconferencesdubienvieillir.fr\/wp-content\/uploads\/2020\/03\/vincent-michel.png 900w, https:\/\/www.lesconferencesdubienvieillir.fr\/wp-content\/uploads\/2020\/03\/vincent-michel-150x150.png 150w, https:\/\/www.lesconferencesdubienvieillir.fr\/wp-content\/uploads\/2020\/03\/vincent-michel-300x300.png 300w, https:\/\/www.lesconferencesdubienvieillir.fr\/wp-content\/uploads\/2020\/03\/vincent-michel-768x768.png 768w\" sizes=\"auto, (max-width: 900px) 100vw, 900px\" \/>N\u00e9 au c\u0153ur d\u2019une famille vigneronne de la vall\u00e9e du Rh\u00f4ne gardoise, Vincent Michel a d\u00e9couvert la vie sans la voir. Aveugle de naissance, il a commenc\u00e9 son cursus scolaire dans un \u00e9tablissement sp\u00e9cialis\u00e9 de Marseille avant de retrouver l\u2019enseignement dit ordinaire, vivant l\u2019inclusion scolaire avant la lettre. Passionn\u00e9 par l\u2019histoire, Vincent Michel \u00e9tudiera cette discipline jusqu\u2019\u00e0 obtenir un doctorat en histoire \u00e9conomique et sociale.<\/p>\n<p>Celui qui r\u00eavait d\u2019enseigner mais qui en a \u00e9t\u00e9 emp\u00each\u00e9, a v\u00e9cu sa carri\u00e8re professionnelle en tant que directeur territorial \u00e0 la mairie de Montpellier, plus pr\u00e9cis\u00e9ment comme directeur op\u00e9rationnel du Centre Communal d\u2019Action Sociale de cette Ville, puis au Conseil G\u00e9n\u00e9ral de l\u2019H\u00e9rault. Engag\u00e9 depuis l\u2019\u00e2ge de 18 ans dans le mouvement associatif, Vincent Michel pr\u00e9side depuis 2008 aux destin\u00e9es de la F\u00e9d\u00e9ration des aveugles et amblyopes de France.<\/p>\n<p>Passionn\u00e9 par la musique, l\u2019homme l\u2019est aussi par l\u2019\u00e9criture, son r\u00e9cit autobiographique, \u00ab\u00a0Croire sans voir,\u00a0\u00bb est annonc\u00e9 aux \u00e9ditions du Cerf en janvier 2020. Mari\u00e9, p\u00e8re de quatre filles et grand-p\u00e8re de trois petits-enfants, l\u2019homme croit, sans la voir, que la vie vaut vraiment la peine d\u2019\u00eatre v\u00e9cue.<\/p>\n<h4 style=\"text-align: center;\"><strong>Voir ensemble<\/strong><\/h4>\n<p><img loading=\"lazy\" decoding=\"async\" class=\"aligncenter size-full wp-image-824\" src=\"https:\/\/www.lesconferencesdubienvieillir.fr\/wp-content\/uploads\/2019\/11\/nouveau_logo-Voir-Ensemble-Copie.jpg\" alt=\"\" width=\"751\" height=\"238\" srcset=\"https:\/\/www.lesconferencesdubienvieillir.fr\/wp-content\/uploads\/2019\/11\/nouveau_logo-Voir-Ensemble-Copie.jpg 751w, https:\/\/www.lesconferencesdubienvieillir.fr\/wp-content\/uploads\/2019\/11\/nouveau_logo-Voir-Ensemble-Copie-300x95.jpg 300w\" sizes=\"auto, (max-width: 751px) 100vw, 751px\" \/>Reconnue d\u2019utilit\u00e9 publique en 1947, l\u2019association nationale <em>Voir ensemble<\/em> s\u2019est implant\u00e9e en Mayenne en 1954. Elle apporte, sur le d\u00e9partement, des r\u00e9ponses aux probl\u00e8mes sp\u00e9cifiques des d\u00e9ficients visuels \u00e0 travers\u00a0:<\/p>\n<ul>\n<li>un r\u00e9seau de b\u00e9n\u00e9voles qui apportent une \u00e9coute attentive et un soutien aux personnes d\u00e9ficientes visuelles autour d\u2019informations mais aussi de rencontres amicales, culturelles et sportives,<\/li>\n<li>le SERDAA, Service d\u2019Education et de R\u00e9\u00e9ducation \u00e0 Domicile pour Aveugles et Amblyopes, cr\u00e9\u00e9 en 1991 sur le d\u00e9partement pour une r\u00e9ponse aupr\u00e8s des enfants. Depuis d\u00e9cembre 2018, une r\u00e9ponse de 1<sup>re<\/sup> intention est possible aupr\u00e8s des adultes. Par des prestations sp\u00e9cifiques \u00e0 la d\u00e9ficience visuelle, les professionnels du SERDAA accompagnent les personnes en situation de d\u00e9ficience visuelle, dans les domaines de la vie quotidienne, le d\u00e9placement, le choix de mat\u00e9riels sp\u00e9cialis\u00e9s ainsi que l\u2019acc\u00e8s aux multim\u00e9dias. Ces accompagnements visent \u00e0 permettre aux personnes de retrouver de l\u2019autonomie et une vie sociale.<\/li>\n<\/ul>\n<p><code class=\"plain\"><div class=\"divider\"><\/div><\/code><\/p>\n<\/div>\n","protected":false},"excerpt":{"rendered":"<p>par H\u00e9l\u00e8ne Jousse, Vincent Michel et l&#8217;association Voir ensemble La conf\u00e9rence en vid\u00e9o : En compl\u00e9ment de la vid\u00e9o :<\/p>\n","protected":false},"author":1,"featured_media":0,"parent":172,"menu_order":0,"comment_status":"closed","ping_status":"closed","template":"","meta":{"footnotes":""},"class_list":["post-847","page","type-page","status-publish","hentry"],"_links":{"self":[{"href":"https:\/\/www.lesconferencesdubienvieillir.fr\/index.php?rest_route=\/wp\/v2\/pages\/847","targetHints":{"allow":["GET"]}}],"collection":[{"href":"https:\/\/www.lesconferencesdubienvieillir.fr\/index.php?rest_route=\/wp\/v2\/pages"}],"about":[{"href":"https:\/\/www.lesconferencesdubienvieillir.fr\/index.php?rest_route=\/wp\/v2\/types\/page"}],"author":[{"embeddable":true,"href":"https:\/\/www.lesconferencesdubienvieillir.fr\/index.php?rest_route=\/wp\/v2\/users\/1"}],"replies":[{"embeddable":true,"href":"https:\/\/www.lesconferencesdubienvieillir.fr\/index.php?rest_route=%2Fwp%2Fv2%2Fcomments&post=847"}],"version-history":[{"count":4,"href":"https:\/\/www.lesconferencesdubienvieillir.fr\/index.php?rest_route=\/wp\/v2\/pages\/847\/revisions"}],"predecessor-version":[{"id":857,"href":"https:\/\/www.lesconferencesdubienvieillir.fr\/index.php?rest_route=\/wp\/v2\/pages\/847\/revisions\/857"}],"up":[{"embeddable":true,"href":"https:\/\/www.lesconferencesdubienvieillir.fr\/index.php?rest_route=\/wp\/v2\/pages\/172"}],"wp:attachment":[{"href":"https:\/\/www.lesconferencesdubienvieillir.fr\/index.php?rest_route=%2Fwp%2Fv2%2Fmedia&parent=847"}],"curies":[{"name":"wp","href":"https:\/\/api.w.org\/{rel}","templated":true}]}}

<h4 style="text-align: left;">par Hélène Jousse, Vincent Michel et l&#8217;association <em>Voir ensemble</em><br />
<i></i></h4>
<h2 style="text-align: center;">La conférence en vidéo :</h2>
<p><iframe loading="lazy" title="Voir autrement (conférence en partie dans le noir) - 5 mars 2020" width="500" height="281" src="https://www.youtube.com/embed/9RH4Iop9tdY?feature=oembed" frameborder="0" allow="accelerometer; autoplay; clipboard-write; encrypted-media; gyroscope; picture-in-picture; web-share" referrerpolicy="strict-origin-when-cross-origin" allowfullscreen></iframe></p>
<h2><span style="text-decoration: underline;">En complément de la vidéo</span> :</h2>
<h4 class="slide_toggle"><a href="#">Cliquez pour dérouler</a></h4><div class="slide_toggle_content" style="display: none;">
<h4 style="text-align: center;"><strong>Résumé de la conférence :</strong><br />
<em>Voir autrement</em></h4>
<div>
<p>Qui n’est pas effrayé à l’idée qu’un jour le noir se fasse devant ses yeux ? Cette peur du noir, qui nous taraude depuis l’enfance est la peur du vide, du « plus rien », de ne plus exister. Cette soirée sera l’occasion de découvrir, grâce à des témoignages autour du handicap visuel, qu’il n’en est rien, bien au contraire. L’occasion de découvrir comment l’aveugle voit &#8211; autrement qu’avec les yeux &#8211; le monde et les êtres qui l’entourent et parfois mieux que nous.</p>
<p>Cette soirée prendra la forme d’un échange à trois voix : Hélène Jousse, sculptrice lavalloise et auteur du roman <em>Les mains de Louis Braille</em> (Editions JC Lattès), Vincent Michel, aveugle de naissance, président de la fédération des aveugles de France et auteur de <em>Croire sans voir</em> (Editions du Cerf), ainsi que l’association <em>Voir Ensemble</em>, qui sera représentée par des bénévoles et professionnels agissant en Mayenne au service des aveugles et malvoyants.</p>
<p>Afin de permettre aux participants d’expérimenter le fait d’« écouter autrement », une partie des échanges se fera dans le noir.</p>
</div>
<div style="text-align: left;"><code class="plain"><div class="divider"></div></code></div>
<div style="text-align: center;"></div>
<h4 style="text-align: center;"><strong>Hélène JOUSSE</strong><br />
<em>Ecrivain et sculptrice</em></h4>
<p><img loading="lazy" decoding="async" class="aligncenter size-large wp-image-849" src="https://www.lesconferencesdubienvieillir.fr/wp-content/uploads/2020/03/Hélène-Jousse-1024x575.jpg" alt="" width="1024" height="575" srcset="https://www.lesconferencesdubienvieillir.fr/wp-content/uploads/2020/03/Hélène-Jousse-1024x575.jpg 1024w, https://www.lesconferencesdubienvieillir.fr/wp-content/uploads/2020/03/Hélène-Jousse-300x169.jpg 300w, https://www.lesconferencesdubienvieillir.fr/wp-content/uploads/2020/03/Hélène-Jousse-768x432.jpg 768w, https://www.lesconferencesdubienvieillir.fr/wp-content/uploads/2020/03/Hélène-Jousse.jpg 1260w" sizes="auto, (max-width: 1024px) 100vw, 1024px" />Sculptrice et écrivaine d’origine lavalloise, Hélène Jousse sculpte des visages sans yeux, certaine que le regard est ailleurs aussi.  Elle a fait travailler un jeune homme syrien qui, devenu aveugle suite à un bombardement dans son pays en guerre, souhaitait sculpter. Cette expérience fut un choc. Elle a publié des nouvelles et dernièrement un roman dont Louis Braille est le héros. Sensibilisée depuis de nombreuses années par la condition de ceux qui ne peuvent voir, terrorisée à l’idée qu’un jour cela pourrait lui arriver, elle a décidé d’en savoir davantage sur ceux, qui, privés de regarder, ne le sont pas de « voir autrement ».</p>
<h4 style="text-align: center;"><strong>Vincent MICHEL</strong><br />
<em><strong>Président de la Fédération des aveugles de France</strong></em></h4>
<p><img loading="lazy" decoding="async" class="aligncenter size-full wp-image-850" src="https://www.lesconferencesdubienvieillir.fr/wp-content/uploads/2020/03/vincent-michel.png" alt="" width="900" height="900" srcset="https://www.lesconferencesdubienvieillir.fr/wp-content/uploads/2020/03/vincent-michel.png 900w, https://www.lesconferencesdubienvieillir.fr/wp-content/uploads/2020/03/vincent-michel-150x150.png 150w, https://www.lesconferencesdubienvieillir.fr/wp-content/uploads/2020/03/vincent-michel-300x300.png 300w, https://www.lesconferencesdubienvieillir.fr/wp-content/uploads/2020/03/vincent-michel-768x768.png 768w" sizes="auto, (max-width: 900px) 100vw, 900px" />Né au cœur d’une famille vigneronne de la vallée du Rhône gardoise, Vincent Michel a découvert la vie sans la voir. Aveugle de naissance, il a commencé son cursus scolaire dans un établissement spécialisé de Marseille avant de retrouver l’enseignement dit ordinaire, vivant l’inclusion scolaire avant la lettre. Passionné par l’histoire, Vincent Michel étudiera cette discipline jusqu’à obtenir un doctorat en histoire économique et sociale.</p>
<p>Celui qui rêvait d’enseigner mais qui en a été empêché, a vécu sa carrière professionnelle en tant que directeur territorial à la mairie de Montpellier, plus précisément comme directeur opérationnel du Centre Communal d’Action Sociale de cette Ville, puis au Conseil Général de l’Hérault. Engagé depuis l’âge de 18 ans dans le mouvement associatif, Vincent Michel préside depuis 2008 aux destinées de la Fédération des aveugles et amblyopes de France.</p>
<p>Passionné par la musique, l’homme l’est aussi par l’écriture, son récit autobiographique, « Croire sans voir, » est annoncé aux éditions du Cerf en janvier 2020. Marié, père de quatre filles et grand-père de trois petits-enfants, l’homme croit, sans la voir, que la vie vaut vraiment la peine d’être vécue.</p>
<h4 style="text-align: center;"><strong>Voir ensemble</strong></h4>
<p><img loading="lazy" decoding="async" class="aligncenter size-full wp-image-824" src="https://www.lesconferencesdubienvieillir.fr/wp-content/uploads/2019/11/nouveau_logo-Voir-Ensemble-Copie.jpg" alt="" width="751" height="238" srcset="https://www.lesconferencesdubienvieillir.fr/wp-content/uploads/2019/11/nouveau_logo-Voir-Ensemble-Copie.jpg 751w, https://www.lesconferencesdubienvieillir.fr/wp-content/uploads/2019/11/nouveau_logo-Voir-Ensemble-Copie-300x95.jpg 300w" sizes="auto, (max-width: 751px) 100vw, 751px" />Reconnue d’utilité publique en 1947, l’association nationale <em>Voir ensemble</em> s’est implantée en Mayenne en 1954. Elle apporte, sur le département, des réponses aux problèmes spécifiques des déficients visuels à travers :</p>
<ul>
<li>un réseau de bénévoles qui apportent une écoute attentive et un soutien aux personnes déficientes visuelles autour d’informations mais aussi de rencontres amicales, culturelles et sportives,</li>
<li>le SERDAA, Service d’Education et de Rééducation à Domicile pour Aveugles et Amblyopes, créé en 1991 sur le département pour une réponse auprès des enfants. Depuis décembre 2018, une réponse de 1<sup>re</sup> intention est possible auprès des adultes. Par des prestations spécifiques à la déficience visuelle, les professionnels du SERDAA accompagnent les personnes en situation de déficience visuelle, dans les domaines de la vie quotidienne, le déplacement, le choix de matériels spécialisés ainsi que l’accès aux multimédias. Ces accompagnements visent à permettre aux personnes de retrouver de l’autonomie et une vie sociale.</li>
</ul>
<p><code class="plain"><div class="divider"></div></code></p>
</div>

<p>par Hélène Jousse, Vincent Michel et l&#8217;association Voir ensemble La conférence en vidéo : En complément de la vidéo :</p>
