{"id":55,"date":"2015-08-28T15:03:35","date_gmt":"2015-08-28T14:03:35","guid":{"rendered":"http:\/\/www.lesconferencesdubienvieillir.fr\/?page_id=55"},"modified":"2019-02-21T17:54:38","modified_gmt":"2019-02-21T16:54:38","slug":"pourquoi-ce-projet-des-conferences-du-bien-vieillir-en-mayenne","status":"publish","type":"page","link":"https:\/\/www.lesconferencesdubienvieillir.fr\/?page_id=55","title":{"rendered":"Que sont les Conf\u00e9rences du Bien Vieillir en Mayenne ?"},"content":{"rendered":"<h3 style=\"text-align: center;\"><iframe loading=\"lazy\" src=\"https:\/\/www.youtube.com\/embed\/N7ylXi07DhM\" width=\"800\" height=\"450\" frameborder=\"0\" allowfullscreen=\"allowfullscreen\"><\/iframe><br \/>\n<div class=\"custom\" style=\"background:-moz-linear-gradient(center top , #003F5B, #003F5B) repeat scroll 0 0 transparent;\n\t\t\t\t\t       background: -webkit-gradient(linear, center top, center bottom, from(#003F5B), to(#003F5B));\n                                               background: -o-linear-gradient(top, #003F5B 0%,#003F5B 99%); \/* Opera 11.10+ *\/\n                                               background: -ms-linear-gradient(top, #003F5B 0%,#003F5B 99%); \/* IE10+ *\/\n\t\t\t\t\t       margin-left:0 !important;\n\t\t\t\t\t       margin-right:0 !important;\n\t\t\t\t\t       border:1px solid #C3B6AD;\n\t\t\t\t\t       background-color: #003F5B;\n\t\t\t\t\t       width:100%;\n\t\t\t\t\t       color:#ffffff;\"><div class=\"inner-padding\"><span style=\"color: #ffffff;\">Ces conf\u00e9rences sont un cycle de <span style=\"text-decoration: underline;\">deux soir\u00e9es annuelles gratuites<\/span> sur des th\u00e8mes contribuant \u00e0 regarder et \u00e0 vivre autrement l\u2019avanc\u00e9e en \u00e2ge.<\/span><\/h3>\n<\/div><\/div>\n<p style=\"text-align: justify;\"><span style=\"font-size: small;\">Ce projet est n\u00e9 de l&#8217;impulsion de <strong>Nicolas de Monteville<\/strong>, Directeur d&#8217;EHPAD et de <strong>Philippe Royer<\/strong>, Directeur de la FNAC \u00e0 Laval, tous deux professionnels mayennais souhaitant s&#8217;investir pour la cause des a\u00een\u00e9s.<\/span><\/p>\n<div class=\"one_third\">\n<p style=\"text-align: center;\"><a href=\"https:\/\/www.lesconferencesdubienvieillir.fr\/wp-content\/uploads\/2015\/08\/photo-n-de-monteville.jpg\" rel=\"wp-prettyPhoto[55]\"><img loading=\"lazy\" decoding=\"async\" class=\" size-full wp-image-61 alignnone\" src=\"https:\/\/www.lesconferencesdubienvieillir.fr\/wp-content\/uploads\/2015\/08\/photo-n-de-monteville.jpg\" alt=\"photo-n-de-monteville\" width=\"140\" height=\"185\" \/><\/a><br \/>\n<strong>Nicolas de Monteville<\/strong><br \/>\nDirecteur d&#8217;EHPAD<\/p>\n<\/div>\n<div class=\"one_third\">\n<blockquote>\n<p style=\"text-align: center;\">Dans cette d\u00e9marche pour nos a\u00een\u00e9s et afin d\u2019am\u00e9liorer leur qualit\u00e9 de vie, ces conf\u00e9rences sont l\u2019occasion de s\u2019informer, de comprendre, de mieux appr\u00e9hender les questions du vieillissement, que ce soit pour soi ou pour un proche<\/p>\n<\/blockquote>\n<\/div>\n<div class=\"one_third last_column\">\n<p style=\"text-align: center;\"><a href=\"https:\/\/www.lesconferencesdubienvieillir.fr\/wp-content\/uploads\/2015\/08\/philippe-royer.jpg\" rel=\"wp-prettyPhoto[55]\"><img loading=\"lazy\" decoding=\"async\" class=\" size-full wp-image-62 alignnone\" src=\"https:\/\/www.lesconferencesdubienvieillir.fr\/wp-content\/uploads\/2015\/08\/philippe-royer.jpg\" alt=\"philippe-royer\" width=\"140\" height=\"185\" \/><\/a><br \/>\n<strong>Philippe Royer<\/strong><br \/>\nPr\u00e9sident Librairie FNAC<br \/>\nLaval<\/p>\n<\/div>\n","protected":false},"excerpt":{"rendered":"<p>Ce projet est n\u00e9 de l&#8217;impulsion de Nicolas de Monteville, Directeur d&#8217;EHPAD et de Philippe Royer, Directeur de la FNAC \u00e0 Laval, tous deux professionnels mayennais souhaitant s&#8217;investir pour la cause des a\u00een\u00e9s.<\/p>\n","protected":false},"author":1,"featured_media":0,"parent":0,"menu_order":0,"comment_status":"closed","ping_status":"open","template":"page-FullWidth.php","meta":{"footnotes":""},"class_list":["post-55","page","type-page","status-publish","hentry"],"_links":{"self":[{"href":"https:\/\/www.lesconferencesdubienvieillir.fr\/index.php?rest_route=\/wp\/v2\/pages\/55","targetHints":{"allow":["GET"]}}],"collection":[{"href":"https:\/\/www.lesconferencesdubienvieillir.fr\/index.php?rest_route=\/wp\/v2\/pages"}],"about":[{"href":"https:\/\/www.lesconferencesdubienvieillir.fr\/index.php?rest_route=\/wp\/v2\/types\/page"}],"author":[{"embeddable":true,"href":"https:\/\/www.lesconferencesdubienvieillir.fr\/index.php?rest_route=\/wp\/v2\/users\/1"}],"replies":[{"embeddable":true,"href":"https:\/\/www.lesconferencesdubienvieillir.fr\/index.php?rest_route=%2Fwp%2Fv2%2Fcomments&post=55"}],"version-history":[{"count":46,"href":"https:\/\/www.lesconferencesdubienvieillir.fr\/index.php?rest_route=\/wp\/v2\/pages\/55\/revisions"}],"predecessor-version":[{"id":754,"href":"https:\/\/www.lesconferencesdubienvieillir.fr\/index.php?rest_route=\/wp\/v2\/pages\/55\/revisions\/754"}],"wp:attachment":[{"href":"https:\/\/www.lesconferencesdubienvieillir.fr\/index.php?rest_route=%2Fwp%2Fv2%2Fmedia&parent=55"}],"curies":[{"name":"wp","href":"https:\/\/api.w.org\/{rel}","templated":true}]}}

Que sont les Conférences du Bien Vieillir en Mayenne ?

<h3 style="text-align: center;"><iframe loading="lazy" src="https://www.youtube.com/embed/N7ylXi07DhM" width="800" height="450" frameborder="0" allowfullscreen="allowfullscreen"></iframe><br />
<div class="custom" style="background:-moz-linear-gradient(center top , #003F5B, #003F5B) repeat scroll 0 0 transparent;
					       background: -webkit-gradient(linear, center top, center bottom, from(#003F5B), to(#003F5B));
                                               background: -o-linear-gradient(top, #003F5B 0%,#003F5B 99%); /* Opera 11.10+ */
                                               background: -ms-linear-gradient(top, #003F5B 0%,#003F5B 99%); /* IE10+ */
					       margin-left:0 !important;
					       margin-right:0 !important;
					       border:1px solid #C3B6AD;
					       background-color: #003F5B;
					       width:100%;
					       color:#ffffff;"><div class="inner-padding"><span style="color: #ffffff;">Ces conférences sont un cycle de <span style="text-decoration: underline;">deux soirées annuelles gratuites</span> sur des thèmes contribuant à regarder et à vivre autrement l’avancée en âge.</span></h3>
</div></div>
<p style="text-align: justify;"><span style="font-size: small;">Ce projet est né de l&#8217;impulsion de <strong>Nicolas de Monteville</strong>, Directeur d&#8217;EHPAD et de <strong>Philippe Royer</strong>, Directeur de la FNAC à Laval, tous deux professionnels mayennais souhaitant s&#8217;investir pour la cause des aînés.</span></p>
<div class="one_third">
<p style="text-align: center;"><a href="https://www.lesconferencesdubienvieillir.fr/wp-content/uploads/2015/08/photo-n-de-monteville.jpg" rel="wp-prettyPhoto[55]"><img loading="lazy" decoding="async" class=" size-full wp-image-61 alignnone" src="https://www.lesconferencesdubienvieillir.fr/wp-content/uploads/2015/08/photo-n-de-monteville.jpg" alt="photo-n-de-monteville" width="140" height="185" /></a><br />
<strong>Nicolas de Monteville</strong><br />
Directeur d&#8217;EHPAD</p>
</div>
<div class="one_third">
<blockquote>
<p style="text-align: center;">Dans cette démarche pour nos aînés et afin d’améliorer leur qualité de vie, ces conférences sont l’occasion de s’informer, de comprendre, de mieux appréhender les questions du vieillissement, que ce soit pour soi ou pour un proche</p>
</blockquote>
</div>
<div class="one_third last_column">
<p style="text-align: center;"><a href="https://www.lesconferencesdubienvieillir.fr/wp-content/uploads/2015/08/philippe-royer.jpg" rel="wp-prettyPhoto[55]"><img loading="lazy" decoding="async" class=" size-full wp-image-62 alignnone" src="https://www.lesconferencesdubienvieillir.fr/wp-content/uploads/2015/08/philippe-royer.jpg" alt="philippe-royer" width="140" height="185" /></a><br />
<strong>Philippe Royer</strong><br />
Président Librairie FNAC<br />
Laval</p>
</div>

<p>Ce projet est né de l&#8217;impulsion de Nicolas de Monteville, Directeur d&#8217;EHPAD et de Philippe Royer, Directeur de la FNAC à Laval, tous deux professionnels mayennais souhaitant s&#8217;investir pour la cause des aînés.</p>
