{"id":158,"date":"2015-08-31T15:53:30","date_gmt":"2015-08-31T14:53:30","guid":{"rendered":"http:\/\/www.lesconferencesdubienvieillir.fr\/?page_id=158"},"modified":"2016-05-04T11:10:18","modified_gmt":"2016-05-04T10:10:18","slug":"vieillir-cest-grandir-28052015","status":"publish","type":"page","link":"https:\/\/www.lesconferencesdubienvieillir.fr\/?page_id=158","title":{"rendered":"&#8220;Vieillir c&#8217;est grandir&#8221; &#8211; 28\/05\/2015"},"content":{"rendered":"<h4 style=\"text-align: left;\">par <strong>Catherine BERGERET-AMSELEK<\/strong><br \/>\n<em>Marraine des Conf\u00e9rences du Bien Vieillir en Mayenne<\/em><\/h4>\n<h2 style=\"text-align: center;\">L&#8217;enregistrement de la conf\u00e9rence : avec\u00a0\u00a0\u00a0 <a href=\"https:\/\/fidelitemayenne.fr\/\"><img loading=\"lazy\" decoding=\"async\" class=\" alignnone\" src=\"https:\/\/www.lesconferencesdubienvieillir.fr\/wp-content\/uploads\/2015\/10\/Fidelite.png\" alt=\"Fidelite\" width=\"81\" height=\"50\" \/><\/a><\/h2>\n<audio class=\"wp-audio-shortcode\" id=\"audio-158-1\" preload=\"none\" style=\"width: 100%;\" controls=\"controls\"><source type=\"audio\/mpeg\" src=\"https:\/\/www.lesconferencesdubienvieillir.fr\/wp-content\/uploads\/2015\/08\/09062015_CONF-Catherine-BERGERET-AMSELEK-Vieillir-cest-grandir-laval-28-05-2015.mp3?_=1\" \/><a href=\"https:\/\/www.lesconferencesdubienvieillir.fr\/wp-content\/uploads\/2015\/08\/09062015_CONF-Catherine-BERGERET-AMSELEK-Vieillir-cest-grandir-laval-28-05-2015.mp3\">https:\/\/www.lesconferencesdubienvieillir.fr\/wp-content\/uploads\/2015\/08\/09062015_CONF-Catherine-BERGERET-AMSELEK-Vieillir-cest-grandir-laval-28-05-2015.mp3<\/a><\/audio>\n<h4 class=\"slide_toggle\"><a href=\"#\">Description de la conf\u00e9rence (cliquez pour d\u00e9rouler)<\/a><\/h4><div class=\"slide_toggle_content\" style=\"display: none;\">\n<h4 style=\"text-align: center;\"><strong>Catherine BERGERET-AMSELEK<\/strong><br \/>\n<em>Marraine des Conf\u00e9rences du Bien Vieillir en Mayenne<\/em><\/h4>\n<p><a href=\"https:\/\/www.lesconferencesdubienvieillir.fr\/wp-content\/uploads\/2015\/08\/catherine-bergeret-amselek.jpg\" rel=\"wp-prettyPhoto&#091;158&#093;\"><img loading=\"lazy\" decoding=\"async\" class=\" size-thumbnail wp-image-159 alignright\" src=\"https:\/\/www.lesconferencesdubienvieillir.fr\/wp-content\/uploads\/2015\/08\/catherine-bergeret-amselek-150x150.jpg\" alt=\"catherine-bergeret-amselek\" width=\"150\" height=\"150\" srcset=\"https:\/\/www.lesconferencesdubienvieillir.fr\/wp-content\/uploads\/2015\/08\/catherine-bergeret-amselek-150x150.jpg 150w, https:\/\/www.lesconferencesdubienvieillir.fr\/wp-content\/uploads\/2015\/08\/catherine-bergeret-amselek-300x300.jpg 300w, https:\/\/www.lesconferencesdubienvieillir.fr\/wp-content\/uploads\/2015\/08\/catherine-bergeret-amselek.jpg 591w\" sizes=\"auto, (max-width: 150px) 100vw, 150px\" \/><\/a><\/p>\n<div style=\"text-align: justify;\">Psychanalyste mais aussi \u00e9crivaine, Catherine Bergeret-Amselek aborde des sujets comme la naissance, l&#8217;adolescence, la maternit\u00e9, l\u2019entr\u00e9e en s\u00e9nescence, la vieillesse et la mort.<\/div>\n<div style=\"text-align: justify;\">Elle est membre de la Soci\u00e9t\u00e9 de psychanalyse freudienne.<\/div>\n<div style=\"text-align: justify;\">En se penchant sur ces passages d\u00e9licats de la vie et en publiant ses r\u00e9flexions, Catherine Bergeret-Amselek contribue \u00e0 apporter des \u00e9l\u00e9ments de r\u00e9ponse \u00e0 tous, mais surtout cherche \u00e0 interroger les pratiques et les conceptions \u00e9tablies, tout en apportant des id\u00e9es neuves, notamment sur la vieillesse.<\/div>\n<div style=\"text-align: justify;\">Depuis 1999, elle a organis\u00e9 six <a href=\"https:\/\/www.cause-des-aines.fr\/\" target=\"_blank\">colloques sur les \u00e2ges de la vie<\/a> ayant donn\u00e9 lieu \u00e0 la publication de nombreux ouvrages dont &#8220;<a href=\"https:\/\/cbergeretams.free.fr\/Bibliographie.html\" target=\"_blank\"><strong>La Cause des a\u00een\u00e9s<\/strong><\/a> : pour vieillir autrement&#8230;et mieux&#8221;, &#8220;<a href=\"https:\/\/cbergeretams.free.fr\/Bibliographie.html\" target=\"_blank\">La Vie \u00e0 l&#8217;\u00e9preuve du temps<\/a>&#8221; (2009).<\/div>\n<p>&nbsp;<\/p>\n<div><span style=\"text-decoration: underline;\">Liens utiles<\/span> :<br \/>\n&#8211; <a href=\"https:\/\/cbergeretams.free.fr\/index.html\" target=\"_blank\">https:\/\/cbergeretams.free.fr\/index.html<\/a><br \/>\n&#8211; Bibliographie : <a href=\"https:\/\/cbergeretams.free.fr\/Bibliographie.html\" target=\"_blank\">https:\/\/cbergeretams.free.fr\/Bibliographie.html<\/a><br \/>\n&#8211; Emissions :<\/div>\n<ul>\n<li><a href=\"https:\/\/cbergeretams.free.fr\/Emissions\/index.html\" target=\"_blank\">Vieillir autrement et mieux<\/a><\/li>\n<li><a href=\"https:\/\/generationcare.fr\/regarder-autrement-lavancee-en-age\/\" target=\"_blank\">Regarder autrement l&#8217;avanc\u00e9e en \u00e2ge<\/a><\/li>\n<li><a href=\"https:\/\/rcf.fr\/vie-quotidienne\/vieillir-se-prepare-des-lenfance\" target=\"_blank\">Vieillir se pr\u00e9pare d\u00e8s l&#8217;enfance<\/a><\/li>\n<li><a href=\"https:\/\/www.rts.ch\/la-1ere\/programmes\/tribu\/6449531-tribu-du-26-01-2015.html#6449530\" target=\"_blank\">Vivre ensemble, jeunes et vieux, aujourd&#8217;hui et demai<\/a><\/li>\n<\/ul>\n<p><code class=\"plain\"><div class=\"divider\"><\/div><\/code><\/p>\n<h2 style=\"text-align: center;\">1\u00e8re conf\u00e9rence le 28 mai 2015 :<br \/>\n\u00ab\u00a0<a href=\"https:\/\/www.cause-des-aines.fr\/presse\/NEW3318_082.pdf\">Vieillir c\u2019est grandir<\/a> \u00bb<br \/>\n<em>par Catherine BERGERET-AMSELEK<br \/>\n<\/em><\/h2>\n<blockquote>\n<p style=\"text-align: justify;\"><span class=\"dropcap\">A<\/span> partir de mon exp\u00e9rience de psychanalyste, qui re\u00e7oit depuis 25 ans en cabinet priv\u00e9 \u00e0 Paris des adultes de tous les \u00e2ges, c\u2019est un tout autre regard sur l\u2019avanc\u00e9e en \u00e2ge que je souhaiterais partager avec vous.<\/p>\n<\/blockquote>\n<p>Cette patient\u00e8le d\u2019analysants jeunes et vieux m\u2019a amen\u00e9 \u00e0 cesser de d\u00e9couper une personne en tranche d\u2019\u00e2ges pour la consid\u00e9rer \u00e0 la lumi\u00e8re de tout son parcours de vie.<\/p>\n<p style=\"text-align: justify;\">J\u2019ai constat\u00e9 que nous n\u2019\u00e9voluons pas de mani\u00e8re lin\u00e9aire mais de m\u00e9tamorphoses en renaissances successives.<\/p>\n<p style=\"text-align: justify;\"><blockquote class=\"alignright\">Il est possible de grandir jusqu\u2019au terme de notre vie et d\u2019orthographier senescence : \u00ab c\u2019est naissance \u00bb.<\/blockquote>\n<p style=\"text-align: justify;\">Il est possible de grandir jusqu\u2019au terme de notre vie et d\u2019orthographier senescence : \u00ab c\u2019est naissance \u00bb. Toutefois ces \u00e9tapes occasionnent une <span style=\"text-decoration: underline;\">augmentation de notre vuln\u00e9rabilit\u00e9<\/span> et le passage par des pics de turbulence \u00e9motionnelles latentes en temps normal. Je tenterai de vous montrer que nous ne sommes pas tous vieux au m\u00eame \u00e2ge et que nous vieillissons depuis notre naissance de mani\u00e8re invisible. On s\u2019en aper\u00e7oit \u00e0 la cinquantaine, confront\u00e9s \u00e0 changement de rapport au corps et au temps qui ne fera que s\u2019accentuer.<\/p>\n<p style=\"text-align: justify;\">Je tenterai de vous donner <span style=\"text-decoration: underline;\">quelques cl\u00e9s pour d\u00e9passer cette crise d\u2019identit\u00e9<\/span> qui fait vaciller notre identit\u00e9 \u00e0 partir de 65 ans et se poursuit par \u00e9tapes jusqu\u2019\u00e0 80, 90 ans voire plus.<\/p>\n<h4 style=\"text-align: center;\"><strong>Comment d\u00e9passer ces obstacles pour poursuivre un chemin d\u2019ouverture et d\u2019\u00e9panouissement ?<\/strong><\/h4>\n<p style=\"text-align: justify;\">Aujourd\u2019hui nous vivons de plus en plus longtemps et en bonne forme dans 80 % des cas. Mais le racisme anti-\u00e2ge qui s\u00e9vit dans notre soci\u00e9t\u00e9 jeuniste fige notre conception de la vieillesse dans le st\u00e9r\u00e9otype marketing du vieillir jeune par peur de tomber dans la vieillesse d\u00e9grad\u00e9e. Pourtant bien vieillir, c\u2019est-\u00e0-dire vieillir en accord- d\u2019\u00e2ge implique d\u2019accepter de l\u00e2cher son image et derri\u00e8re le paraitre de contacter l\u2019\u00eatre, de regarder autrement la question de la dignit\u00e9 et de la d\u00e9pendance.<\/p>\n<p style=\"text-align: justify;\"><blockquote class=\"alignright\">Pour cela il faut lutter contre l\u2019isolement qui fait le lit de la d\u00e9pendance, <strong>pr\u00e9parer tr\u00e8s t\u00f4t sa vieillesse <\/strong>en mettant en place certains dispositifs dans sa vie et \u00eatre en contact avec des plus jeunes que soi.<\/blockquote>\n<p style=\"text-align: justify;\">Ne pas s\u2019attacher \u00e0 l\u2019apparence mais au sentir est un premier pas vers la spiritualit\u00e9 et c\u2019est ce chemin de vie qui s\u2019ouvre avec le temps. Il n\u2019emp\u00eache que si cultiver une vie int\u00e9rieure fait partie de l\u2019\u00e9volution de la maturit\u00e9 il est absolument essentiel de se relier aux autres si l\u2019on veut continuer d\u2019apprendre et de vivre des premi\u00e8res fois, cela \u00e0 tout niveau : s\u2019initier aux incontournables nouvelles technologies, se faire de nouveaux amis ou amours. Pour cela il faut lutter contre l\u2019isolement qui fait le lit de la d\u00e9pendance, <strong>pr\u00e9parer tr\u00e8s t\u00f4t sa vieillesse <\/strong>en mettant en place certains dispositifs dans sa vie et \u00eatre en contact avec des plus jeunes que soi.<\/p>\n<p style=\"text-align: justify;\">Pr\u00e9vention, lutte contre l\u2019isolement, rencontres interg\u00e9n\u00e9rationnelles, initiations aux nouvelles technologies sont les nerfs centraux du combat \u00e0 mener si l\u2019on veut pr\u00e9parer la r\u00e9volution de l\u2019\u00e2ge que nous traversons.&#8221;<\/p>\n<p style=\"text-align: right;\"><em><span style=\"font-size: xx-small;\">par Catherine BERGERET-AMSELEK,<\/span><\/em><\/p>\n<\/div>\n","protected":false},"excerpt":{"rendered":"<p>par Catherine BERGERET-AMSELEK Marraine des Conf\u00e9rences du Bien Vieillir en Mayenne L&#8217;enregistrement de la conf\u00e9rence : avec\u00a0\u00a0\u00a0<\/p>\n","protected":false},"author":1,"featured_media":0,"parent":172,"menu_order":0,"comment_status":"closed","ping_status":"open","template":"page-FullWidth.php","meta":{"footnotes":""},"class_list":["post-158","page","type-page","status-publish","hentry"],"_links":{"self":[{"href":"https:\/\/www.lesconferencesdubienvieillir.fr\/index.php?rest_route=\/wp\/v2\/pages\/158","targetHints":{"allow":["GET"]}}],"collection":[{"href":"https:\/\/www.lesconferencesdubienvieillir.fr\/index.php?rest_route=\/wp\/v2\/pages"}],"about":[{"href":"https:\/\/www.lesconferencesdubienvieillir.fr\/index.php?rest_route=\/wp\/v2\/types\/page"}],"author":[{"embeddable":true,"href":"https:\/\/www.lesconferencesdubienvieillir.fr\/index.php?rest_route=\/wp\/v2\/users\/1"}],"replies":[{"embeddable":true,"href":"https:\/\/www.lesconferencesdubienvieillir.fr\/index.php?rest_route=%2Fwp%2Fv2%2Fcomments&post=158"}],"version-history":[{"count":31,"href":"https:\/\/www.lesconferencesdubienvieillir.fr\/index.php?rest_route=\/wp\/v2\/pages\/158\/revisions"}],"predecessor-version":[{"id":415,"href":"https:\/\/www.lesconferencesdubienvieillir.fr\/index.php?rest_route=\/wp\/v2\/pages\/158\/revisions\/415"}],"up":[{"embeddable":true,"href":"https:\/\/www.lesconferencesdubienvieillir.fr\/index.php?rest_route=\/wp\/v2\/pages\/172"}],"wp:attachment":[{"href":"https:\/\/www.lesconferencesdubienvieillir.fr\/index.php?rest_route=%2Fwp%2Fv2%2Fmedia&parent=158"}],"curies":[{"name":"wp","href":"https:\/\/api.w.org\/{rel}","templated":true}]}}

<h4 style="text-align: left;">par <strong>Catherine BERGERET-AMSELEK</strong><br />
<em>Marraine des Conférences du Bien Vieillir en Mayenne</em></h4>
<h2 style="text-align: center;">L&#8217;enregistrement de la conférence : avec    <a href="https://fidelitemayenne.fr/"><img loading="lazy" decoding="async" class=" alignnone" src="https://www.lesconferencesdubienvieillir.fr/wp-content/uploads/2015/10/Fidelite.png" alt="Fidelite" width="81" height="50" /></a></h2>
<audio class="wp-audio-shortcode" id="audio-158-1" preload="none" style="width: 100%;" controls="controls"><source type="audio/mpeg" src="https://www.lesconferencesdubienvieillir.fr/wp-content/uploads/2015/08/09062015_CONF-Catherine-BERGERET-AMSELEK-Vieillir-cest-grandir-laval-28-05-2015.mp3?_=1" /><a href="https://www.lesconferencesdubienvieillir.fr/wp-content/uploads/2015/08/09062015_CONF-Catherine-BERGERET-AMSELEK-Vieillir-cest-grandir-laval-28-05-2015.mp3">https://www.lesconferencesdubienvieillir.fr/wp-content/uploads/2015/08/09062015_CONF-Catherine-BERGERET-AMSELEK-Vieillir-cest-grandir-laval-28-05-2015.mp3</a></audio>
<h4 class="slide_toggle"><a href="#">Description de la conférence (cliquez pour dérouler)</a></h4><div class="slide_toggle_content" style="display: none;">
<h4 style="text-align: center;"><strong>Catherine BERGERET-AMSELEK</strong><br />
<em>Marraine des Conférences du Bien Vieillir en Mayenne</em></h4>
<p><a href="https://www.lesconferencesdubienvieillir.fr/wp-content/uploads/2015/08/catherine-bergeret-amselek.jpg" rel="wp-prettyPhoto&#091;158&#093;"><img loading="lazy" decoding="async" class=" size-thumbnail wp-image-159 alignright" src="https://www.lesconferencesdubienvieillir.fr/wp-content/uploads/2015/08/catherine-bergeret-amselek-150x150.jpg" alt="catherine-bergeret-amselek" width="150" height="150" srcset="https://www.lesconferencesdubienvieillir.fr/wp-content/uploads/2015/08/catherine-bergeret-amselek-150x150.jpg 150w, https://www.lesconferencesdubienvieillir.fr/wp-content/uploads/2015/08/catherine-bergeret-amselek-300x300.jpg 300w, https://www.lesconferencesdubienvieillir.fr/wp-content/uploads/2015/08/catherine-bergeret-amselek.jpg 591w" sizes="auto, (max-width: 150px) 100vw, 150px" /></a></p>
<div style="text-align: justify;">Psychanalyste mais aussi écrivaine, Catherine Bergeret-Amselek aborde des sujets comme la naissance, l&#8217;adolescence, la maternité, l’entrée en sénescence, la vieillesse et la mort.</div>
<div style="text-align: justify;">Elle est membre de la Société de psychanalyse freudienne.</div>
<div style="text-align: justify;">En se penchant sur ces passages délicats de la vie et en publiant ses réflexions, Catherine Bergeret-Amselek contribue à apporter des éléments de réponse à tous, mais surtout cherche à interroger les pratiques et les conceptions établies, tout en apportant des idées neuves, notamment sur la vieillesse.</div>
<div style="text-align: justify;">Depuis 1999, elle a organisé six <a href="https://www.cause-des-aines.fr/" target="_blank">colloques sur les âges de la vie</a> ayant donné lieu à la publication de nombreux ouvrages dont &#8220;<a href="https://cbergeretams.free.fr/Bibliographie.html" target="_blank"><strong>La Cause des aînés</strong></a> : pour vieillir autrement&#8230;et mieux&#8221;, &#8220;<a href="https://cbergeretams.free.fr/Bibliographie.html" target="_blank">La Vie à l&#8217;épreuve du temps</a>&#8221; (2009).</div>
<p>&nbsp;</p>
<div><span style="text-decoration: underline;">Liens utiles</span> :<br />
&#8211; <a href="https://cbergeretams.free.fr/index.html" target="_blank">https://cbergeretams.free.fr/index.html</a><br />
&#8211; Bibliographie : <a href="https://cbergeretams.free.fr/Bibliographie.html" target="_blank">https://cbergeretams.free.fr/Bibliographie.html</a><br />
&#8211; Emissions :</div>
<ul>
<li><a href="https://cbergeretams.free.fr/Emissions/index.html" target="_blank">Vieillir autrement et mieux</a></li>
<li><a href="https://generationcare.fr/regarder-autrement-lavancee-en-age/" target="_blank">Regarder autrement l&#8217;avancée en âge</a></li>
<li><a href="https://rcf.fr/vie-quotidienne/vieillir-se-prepare-des-lenfance" target="_blank">Vieillir se prépare dès l&#8217;enfance</a></li>
<li><a href="https://www.rts.ch/la-1ere/programmes/tribu/6449531-tribu-du-26-01-2015.html#6449530" target="_blank">Vivre ensemble, jeunes et vieux, aujourd&#8217;hui et demai</a></li>
</ul>
<p><code class="plain"><div class="divider"></div></code></p>
<h2 style="text-align: center;">1ère conférence le 28 mai 2015 :<br />
« <a href="https://www.cause-des-aines.fr/presse/NEW3318_082.pdf">Vieillir c’est grandir</a> »<br />
<em>par Catherine BERGERET-AMSELEK<br />
</em></h2>
<blockquote>
<p style="text-align: justify;"><span class="dropcap">A</span> partir de mon expérience de psychanalyste, qui reçoit depuis 25 ans en cabinet privé à Paris des adultes de tous les âges, c’est un tout autre regard sur l’avancée en âge que je souhaiterais partager avec vous.</p>
</blockquote>
<p>Cette patientèle d’analysants jeunes et vieux m’a amené à cesser de découper une personne en tranche d’âges pour la considérer à la lumière de tout son parcours de vie.</p>
<p style="text-align: justify;">J’ai constaté que nous n’évoluons pas de manière linéaire mais de métamorphoses en renaissances successives.</p>
<p style="text-align: justify;"><blockquote class="alignright">Il est possible de grandir jusqu’au terme de notre vie et d’orthographier senescence : « c’est naissance ».</blockquote>
<p style="text-align: justify;">Il est possible de grandir jusqu’au terme de notre vie et d’orthographier senescence : « c’est naissance ». Toutefois ces étapes occasionnent une <span style="text-decoration: underline;">augmentation de notre vulnérabilité</span> et le passage par des pics de turbulence émotionnelles latentes en temps normal. Je tenterai de vous montrer que nous ne sommes pas tous vieux au même âge et que nous vieillissons depuis notre naissance de manière invisible. On s’en aperçoit à la cinquantaine, confrontés à changement de rapport au corps et au temps qui ne fera que s’accentuer.</p>
<p style="text-align: justify;">Je tenterai de vous donner <span style="text-decoration: underline;">quelques clés pour dépasser cette crise d’identité</span> qui fait vaciller notre identité à partir de 65 ans et se poursuit par étapes jusqu’à 80, 90 ans voire plus.</p>
<h4 style="text-align: center;"><strong>Comment dépasser ces obstacles pour poursuivre un chemin d’ouverture et d’épanouissement ?</strong></h4>
<p style="text-align: justify;">Aujourd’hui nous vivons de plus en plus longtemps et en bonne forme dans 80 % des cas. Mais le racisme anti-âge qui sévit dans notre société jeuniste fige notre conception de la vieillesse dans le stéréotype marketing du vieillir jeune par peur de tomber dans la vieillesse dégradée. Pourtant bien vieillir, c’est-à-dire vieillir en accord- d’âge implique d’accepter de lâcher son image et derrière le paraitre de contacter l’être, de regarder autrement la question de la dignité et de la dépendance.</p>
<p style="text-align: justify;"><blockquote class="alignright">Pour cela il faut lutter contre l’isolement qui fait le lit de la dépendance, <strong>préparer très tôt sa vieillesse </strong>en mettant en place certains dispositifs dans sa vie et être en contact avec des plus jeunes que soi.</blockquote>
<p style="text-align: justify;">Ne pas s’attacher à l’apparence mais au sentir est un premier pas vers la spiritualité et c’est ce chemin de vie qui s’ouvre avec le temps. Il n’empêche que si cultiver une vie intérieure fait partie de l’évolution de la maturité il est absolument essentiel de se relier aux autres si l’on veut continuer d’apprendre et de vivre des premières fois, cela à tout niveau : s’initier aux incontournables nouvelles technologies, se faire de nouveaux amis ou amours. Pour cela il faut lutter contre l’isolement qui fait le lit de la dépendance, <strong>préparer très tôt sa vieillesse </strong>en mettant en place certains dispositifs dans sa vie et être en contact avec des plus jeunes que soi.</p>
<p style="text-align: justify;">Prévention, lutte contre l’isolement, rencontres intergénérationnelles, initiations aux nouvelles technologies sont les nerfs centraux du combat à mener si l’on veut préparer la révolution de l’âge que nous traversons.&#8221;</p>
<p style="text-align: right;"><em><span style="font-size: xx-small;">par Catherine BERGERET-AMSELEK,</span></em></p>
</div>

<p>par Catherine BERGERET-AMSELEK Marraine des Conférences du Bien Vieillir en Mayenne L&#8217;enregistrement de la conférence : avec   </p>
